
What is the greatest common divisor of 256 and 42832?
16
What is the highest common divisor of 513357 and 195?
39
Calculate the highest common factor of 8588 and 2938.
226
What is the greatest common divisor of 23992 and 360?
8
What is the highest common divisor of 4230 and 144?
18
Calculate the highest common factor of 1190 and 434265.
85
What is the highest common factor of 108074 and 2?
2
Calculate the greatest common factor of 25298 and 338.
26
Calculate the greatest common factor of 2915 and 12137.
53
What is the greatest common factor of 114246 and 792?
198
What is the highest common divisor of 14 and 2206841?
7
What is the greatest common factor of 8 and 356152?
8
What is the highest common divisor of 230 and 54430?
10
Calculate the highest common divisor of 868 and 8.
4
What is the greatest common divisor of 588 and 7924?
28
What is the greatest common factor of 18 and 78831?
9
What is the greatest common divisor of 4409837 and 41?
41
Calculate the highest common factor of 14 and 5076918.
14
What is the greatest common divisor of 41628 and 588?
12
Calculate the highest common factor of 34 and 210409.
17
Calculate the greatest common divisor of 11880 and 1710.
90
What is the highest common divisor of 230028 and 261?
87
Calculate the highest common factor of 3226914 and 558.
558
What is the highest common factor of 48 and 110388?
12
What is the highest common factor of 140 and 374045?
35
Calculate the highest common divisor of 2439941 and 7.
7
What is the highest common divisor of 56 and 21896?
56
What is the greatest common factor of 1002 and 115564?
334
Calculate the greatest common divisor of 201432 and 308.
308
What is the greatest common factor of 1311 and 61134?
69
Calculate the highest common factor of 3546 and 17336.
394
Calculate the greatest common factor of 286 and 230087.
143
What is the highest common factor of 102 and 374?
34
What is the highest common divisor of 14 and 165186?
14
What is the greatest common factor of 309274 and 42?
14
Calculate the greatest common factor of 587076 and 1392.
348
What is the highest common divisor of 3705 and 6045?
195
What is the greatest common factor of 17220 and 665?
35
Calculate the greatest common divisor of 188 and 2405460.
188
Calculate the highest common divisor of 8 and 22636.
4
What is the greatest common factor of 1510 and 3350?
10
What is the highest common factor of 53738 and 4559?
97
What is the greatest common factor of 21 and 243?
3
Calculate the highest common factor of 1410853 and 1934.
967
What is the greatest common divisor of 61984 and 745?
149
What is the greatest common factor of 1624 and 1432832?
232
What is the highest common factor of 1345 and 21195?
5
Calculate the greatest common factor of 172 and 388.
4
What is the highest common factor of 12048 and 18323?
251
What is the highest common divisor of 39 and 17147?
13
What is the greatest common factor of 3280 and 82480?
80
What is the greatest common divisor of 3131 and 5656?
101
Calculate the highest common factor of 2320 and 21170.
290
What is the highest common factor of 154 and 556052?
14
What is the highest common divisor of 429916 and 276?
92
What is the highest common divisor of 15492 and 48?
12
What is the highest common divisor of 102 and 221119?
17
What is the highest common factor of 12201 and 1617?
147
Calculate the greatest common divisor of 350326 and 872.
218
Calculate the greatest common divisor of 5776 and 124716.
76
What is the highest common factor of 237887 and 39?
13
Calculate the greatest common factor of 457 and 164977.
457
What is the highest common divisor of 135532 and 496?
124
Calculate the highest common divisor of 165200 and 413.
413
What is the highest common factor of 255 and 33932?
17
Calculate the greatest common factor of 41995 and 10915.
185
Calculate the highest common factor of 729 and 277992.
243
Calculate the greatest common divisor of 3939 and 303.
303
What is the highest common factor of 9016 and 299138?
322
Calculate the highest common factor of 21819 and 84.
21
What is the highest common factor of 2175 and 7685?
145
Calculate the highest common divisor of 340 and 452710.
170
What is the greatest common divisor of 193746 and 91?
7
Calculate the highest common factor of 92 and 19757.
23
What is the highest common factor of 120 and 1984160?
40
What is the greatest common divisor of 1333 and 15784053?
1333
Calculate the greatest common divisor of 256 and 163008.
64
Calculate the greatest common divisor of 330510 and 15.
15
What is the highest common divisor of 4331 and 45079?
61
Calculate the greatest common factor of 306 and 4176.
18
Calculate the greatest common factor of 97096 and 424.
424
Calculate the highest common divisor of 1575639 and 26.
13
Calculate the highest common factor of 1267468 and 172.
172
Calculate the highest common factor of 2772 and 106092.
252
Calculate the greatest common factor of 4038246 and 558.
558
What is the greatest common factor of 86 and 454?
2
What is the greatest common divisor of 1788 and 138?
6
Calculate the greatest common divisor of 106132 and 5746.
338
What is the highest common factor of 2516 and 1549264?
148
Calculate the greatest common factor of 47390 and 42.
14
Calculate the greatest common factor of 3507 and 6489.
21
What is the greatest common factor of 21172 and 237?
79
What is the highest common factor of 372 and 74958?
186
Calculate the highest common factor of 412 and 200.
4
What is the highest common factor of 153 and 3132?
9
Calculate the highest common divisor of 28422 and 72.
18
Calculate the greatest common divisor of 21776 and 548483.
1361
What is the greatest common divisor of 1209584 and 17?
17
Calculate the highest common divisor of 1430 and 832.
26
Calculate the greatest common factor of 168 and 94808.
56
Calculate the greatest common divisor of 12098 and 414.
46
What is the highest common factor of 1602 and 5346?
18
What is the greatest common factor of 247536 and 2268?
324
What is the greatest common factor of 251193 and 37?
37
What is the greatest common factor of 221533 and 13?
13
What is the greatest common divisor of 1171 and 4?
1
What is the highest common factor of 12296 and 22896?
424
Calculate the greatest common divisor of 21586 and 23994.
86
What is the highest common divisor of 708 and 126555?
177
Calculate the highest common factor of 461225 and 50.
25
Calculate the highest common factor of 1423 and 20040109.
1423
What is the greatest common factor of 340 and 1340?
20
What is the greatest common divisor of 10479 and 273?
21
What is the greatest common divisor of 19836418 and 532?
266
What is the highest common factor of 4389296 and 656?
656
Calculate the highest common factor of 3808 and 992.
32
Calculate the highest common factor of 173061 and 82.
41
What is the highest common factor of 91216 and 176?
16
What is the highest common divisor of 135 and 52155?
45
Calculate the greatest common divisor of 9 and 1993.
1
What is the highest common factor of 969 and 5?
1
What is the highest common factor of 891 and 1375?
11
Calculate the highest common factor of 33 and 36894.
33
What is the greatest common factor of 12996 and 9728?
76
What is the highest common divisor of 4897 and 7965?
59
What is the highest common divisor of 943481 and 1925?
77
What is the highest common divisor of 44 and 219461?
11
What is the highest common factor of 6950 and 300?
50
Calculate the greatest common factor of 47672 and 16968.
808
What is the greatest common divisor of 12 and 10792?
4
What is the greatest common factor of 158834 and 13?
13
What is the greatest common divisor of 69 and 35627?
23
Calculate the greatest common divisor of 20 and 72.
4
What is the highest common factor of 106 and 556871?
53
What is the greatest common divisor of 42 and 18928?
14
Calculate the highest common factor of 16116 and 3468.
204
What is the highest common factor of 21 and 2787?
3
Calculate the highest common divisor of 2443812 and 21.
21
What is the greatest common divisor of 162 and 36882?
54
Calculate the highest common factor of 1428 and 59766.
42
Calculate the greatest common factor of 2375 and 27625.
125
Calculate the highest common factor of 96240 and 30.
30
What is the greatest common factor of 2240 and 2065?
35
What is the gr